{"id":222,"date":"2013-07-18T14:03:05","date_gmt":"2013-07-18T14:03:05","guid":{"rendered":"http:\/\/www5.milwaukee.k12.wi.us\/school\/greenfield\/?page_id=222"},"modified":"2023-03-08T16:27:35","modified_gmt":"2023-03-08T16:27:35","slug":"centro-de-padres","status":"publish","type":"page","link":"https:\/\/k12.mps.school\/greenfield\/espanol\/centro-de-padres\/","title":{"rendered":"Centro de Padres"},"content":{"rendered":"<p>Bienvenida Mayra Aviles! Ella es la\u00a0Coordinadora de Padres de la Escuela Greenfield.<\/p>\n<p>La misi\u00f3n del Centro de Padres de la Escuela Greenfield es crear un ambiente en que los padres, la familia y los miembros de la comunidad se unan para apoyar activamente la educaci\u00f3n de nuestros ni\u00f1os. En el Centro de Padres de la Escuela Greenfield los padres, tutores y familias en general trabajan conjuntamente en proyectos escolares y en iniciativas de la comunidad.<\/p>\n<p>Algunas de las metas del Centro de Padres es mantener a Greenfield como una escuela de calidad en el sistema de las escuelas p\u00fablicas de Milwaukee. Como resultado, El Centro de Padres sirve de enlace a la comunidad, para que las familias puedan asumir un papel de liderazgo y hacer la diferencia en la educaci\u00f3n de sus hijos, lo cual a la vez fortalece el vecindario y hace de nuestra comunidad un lugar m\u00e1s fuerte y m\u00e1s saludable para enriquecer las vidas de nuestros estudiantes.<\/p>\n<p>El Centro de Padres tambi\u00e9n ofrece clases para los padres y talleres para las familias de la Escuela Greenfield. Invitados especiales ofrecen charlas a los padres y tutores sobre temas diversos, tales como ingl\u00e9s como segundo idioma, temas de tecnolog\u00eda, lectura y escritura, asuntos de salud, prevenci\u00f3n de drogas y educaci\u00f3n c\u00edvica. Otras actividades incluyen clases de arte y otros proyectos de enriquecimiento. Durante las reuniones mensuales se tratan temas actuales y se discuten retos que enfrentan nuestras familias.<\/p>\n<p>\u00a1Todos est\u00e1n cordialmente invitados a unirse a nuestra familia! Si desea participar en el Centro de Padres de la Escuela Greenfield o para obtener informaci\u00f3n sobre las pr\u00f3ximas reuniones, llame al (414) 902-8292.<\/p>\n","protected":false},"excerpt":{"rendered":"<p>Bienvenida Mayra Aviles! Ella es la\u00a0Coordinadora de Padres de la Escuela Greenfield. La misi\u00f3n del Centro de Padres de la Escuela Greenfield es crear un ambiente en que los padres, la familia y los miembros de la comunidad se unan para apoyar activamente la educaci\u00f3n de nuestros ni\u00f1os. En el Centro de Padres de la [&hellip;]<\/p>\n","protected":false},"author":2,"featured_media":0,"parent":184,"menu_order":3,"comment_status":"open","ping_status":"closed","template":"","meta":{"_genesis_hide_title":false,"_genesis_hide_breadcrumbs":false,"_genesis_hide_singular_image":false,"_genesis_hide_footer_widgets":false,"_genesis_custom_body_class":"","_genesis_custom_post_class":"","_genesis_layout":"","_mc_calendar":[],"footnotes":""},"class_list":{"0":"post-222","1":"page","2":"type-page","3":"status-publish","5":"entry"},"_links":{"self":[{"href":"https:\/\/k12.mps.school\/greenfield\/wp-json\/wp\/v2\/pages\/222","targetHints":{"allow":["GET"]}}],"collection":[{"href":"https:\/\/k12.mps.school\/greenfield\/wp-json\/wp\/v2\/pages"}],"about":[{"href":"https:\/\/k12.mps.school\/greenfield\/wp-json\/wp\/v2\/types\/page"}],"author":[{"embeddable":true,"href":"https:\/\/k12.mps.school\/greenfield\/wp-json\/wp\/v2\/users\/2"}],"replies":[{"embeddable":true,"href":"https:\/\/k12.mps.school\/greenfield\/wp-json\/wp\/v2\/comments?post=222"}],"version-history":[{"count":0,"href":"https:\/\/k12.mps.school\/greenfield\/wp-json\/wp\/v2\/pages\/222\/revisions"}],"up":[{"embeddable":true,"href":"https:\/\/k12.mps.school\/greenfield\/wp-json\/wp\/v2\/pages\/184"}],"wp:attachment":[{"href":"https:\/\/k12.mps.school\/greenfield\/wp-json\/wp\/v2\/media?parent=222"}],"curies":[{"name":"wp","href":"https:\/\/api.w.org\/{rel}","templated":true}]}}